{"id":108,"date":"2023-10-25T17:35:22","date_gmt":"2023-10-25T15:35:22","guid":{"rendered":"https:\/\/labanniere.org\/?page_id=108"},"modified":"2023-11-30T14:05:26","modified_gmt":"2023-11-30T13:05:26","slug":"les-mamans","status":"publish","type":"page","link":"https:\/\/labanniere.org\/index.php\/ministeres\/les-mamans\/","title":{"rendered":"Les Mamans"},"content":{"rendered":"\n<figure class=\"wp-block-image size-full\"><img decoding=\"async\" src=\"http:\/\/labanniere.net\/wp-content\/uploads\/2023\/01\/mamans-1.jpg\" alt=\"\" class=\"wp-image-164\"\/><figcaption class=\"wp-element-caption\">Femmes dynamiques dans la communaut\u00e9 des serviteurs de Dieu<\/figcaption><\/figure>\n\n\n\n<p>Le d\u00e9partement des femmes ou des mamans est la structure qui r\u00e9unit les mamans et jeunes femmes de l&rsquo;\u00e9glise enfin de les maintenir dans la communion avec le Seigneur concernant leurs besoins particuliers.<\/p>\n\n\n\n<p>Le livre de Proverbes parle de la Femme vertueuse qui a beaucoup de valeur que les perles. (Proverbes 31: 10)<\/p>\n\n\n\n<p>Nous croyons donc qu&rsquo;une femme \u00e9panouie et stable spirituellement est une source de b\u00e9n\u00e9dictions non seulement de sa famille, de son mari et de ses enfants mais aussi pour toute une nation et des multitudes.<\/p>\n\n\n\n<h3 class=\"wp-block-heading\">Programme des r\u00e9unions <\/h3>\n\n\n\n<p>Les femmes du CEF La Banni\u00e8re se r\u00e9unissent chaque <strong>Mardi de 16h00 \u00e0 17h30<\/strong> au Temple de La Banni\u00e8re<\/p>\n\n\n\n<h3 class=\"wp-block-heading\">Activit\u00e9s<\/h3>\n\n\n\n<ul class=\"wp-block-list\">\n<li>R\u00e9union hebdomadaire<\/li>\n\n\n\n<li>Retraite des femmes<\/li>\n\n\n\n<li>S\u00e9minaire des femmes<\/li>\n\n\n\n<li>Sortie \u00e9vang\u00e9lique dans les prisons et h\u00f4pitaux<\/li>\n\n\n\n<li>Agap\u00e9 et Echange des voeux<\/li>\n\n\n\n<li>Formations<\/li>\n<\/ul>\n","protected":false},"excerpt":{"rendered":"<p>Le d\u00e9partement des femmes ou des mamans est la structure qui r\u00e9unit les mamans et jeunes femmes de l&rsquo;\u00e9glise enfin de les maintenir dans la communion avec le Seigneur concernant&#8230;<\/p>\n","protected":false},"author":1,"featured_media":0,"parent":70,"menu_order":0,"comment_status":"closed","ping_status":"closed","template":"","meta":{"_themeisle_gutenberg_block_has_review":false,"footnotes":""},"categories":[],"tags":[],"class_list":["post-108","page","type-page","status-publish","hentry"],"_links":{"self":[{"href":"https:\/\/labanniere.org\/index.php\/wp-json\/wp\/v2\/pages\/108","targetHints":{"allow":["GET"]}}],"collection":[{"href":"https:\/\/labanniere.org\/index.php\/wp-json\/wp\/v2\/pages"}],"about":[{"href":"https:\/\/labanniere.org\/index.php\/wp-json\/wp\/v2\/types\/page"}],"author":[{"embeddable":true,"href":"https:\/\/labanniere.org\/index.php\/wp-json\/wp\/v2\/users\/1"}],"replies":[{"embeddable":true,"href":"https:\/\/labanniere.org\/index.php\/wp-json\/wp\/v2\/comments?post=108"}],"version-history":[{"count":2,"href":"https:\/\/labanniere.org\/index.php\/wp-json\/wp\/v2\/pages\/108\/revisions"}],"predecessor-version":[{"id":215,"href":"https:\/\/labanniere.org\/index.php\/wp-json\/wp\/v2\/pages\/108\/revisions\/215"}],"up":[{"embeddable":true,"href":"https:\/\/labanniere.org\/index.php\/wp-json\/wp\/v2\/pages\/70"}],"wp:attachment":[{"href":"https:\/\/labanniere.org\/index.php\/wp-json\/wp\/v2\/media?parent=108"}],"wp:term":[{"taxonomy":"category","embeddable":true,"href":"https:\/\/labanniere.org\/index.php\/wp-json\/wp\/v2\/categories?post=108"},{"taxonomy":"post_tag","embeddable":true,"href":"https:\/\/labanniere.org\/index.php\/wp-json\/wp\/v2\/tags?post=108"}],"curies":[{"name":"wp","href":"https:\/\/api.w.org\/{rel}","templated":true}]}}